mon factor of 44 and 55?
11
Calculate the highest common factor of 130 and 494.
26
What is the highest common factor of 245 and 5?
5
Calculate the greatest common factor of 106 and 265.
53
Calculate the greatest common divisor of 95 and 57.
19
What is the highest common divisor of 1963 and 13?
13
Calculate the highest common factor of 88 and 96.
8
What is the greatest common factor of 4 and 16876?
4
What is the greatest common divisor of 207 and 72?
9
Calculate the highest common divisor of 5 and 320.
5
Calculate the highest common factor of 435 and 87.
87
What is the greatest common divisor of 13 and 2119?
13
Calculate the greatest common divisor of 6 and 1194.
6
Calculate the greatest common divisor of 212 and 12.
4
Calculate the greatest common factor of 41 and 11357.
41
Calculate the highest common divisor of 308 and 3476.
44
What is the greatest common factor of 306 and 72?
18
What is the highest common divisor of 140 and 182?
14
What is the highest common divisor of 37 and 1?
1
What is the highest common divisor of 80 and 15?
5
Calculate the highest common factor of 84 and 28.
28
Calculate the greatest common divisor of 36 and 1548.
36
What is the greatest common divisor of 64 and 688?
16
Calculate the highest common factor of 3264 and 255.
51
Calculate the highest common factor of 2662 and 22.
22
Calculate the highest common factor of 704 and 264.
88
What is the greatest common factor of 40 and 64840?
40
What is the highest common factor of 812 and 252?
28
Calculate the greatest common factor of 119 and 2516.
17
What is the highest common factor of 3 and 21?
3
Calculate the greatest common divisor of 476 and 3052.
28
Calculate the greatest common divisor of 14842 and 82.
82
Calculate the greatest common factor of 56 and 308.
28
Calculate the highest common factor of 1264 and 16.
16
What is the highest common divisor of 754 and 234?
26
What is the highest common divisor of 1702 and 629?
37
What is the greatest common factor of 119 and 35?
7
Calculate the highest common factor of 1022 and 378.
14
Calculate the highest common factor of 3024 and 231.
21
What is the greatest common factor of 1189 and 123?
41
What is the highest common divisor of 2810 and 10?
10
What is the greatest common divisor of 136 and 1139?
17
Calculate the highest common divisor of 6897 and 33.
33
What is the highest common factor of 16 and 872?
8
What is the highest common factor of 6 and 15?
3
What is the highest common divisor of 124 and 1984?
124
What is the greatest common factor of 80 and 200?
40
Calculate the greatest common factor of 18 and 324.
18
Calculate the highest common factor of 84 and 36.
12
Calculate the highest common factor of 148 and 370.
74
Calculate the greatest common factor of 285 and 24985.
95
What is the greatest common divisor of 322 and 7?
7
Calculate the greatest common divisor of 124 and 31.
31
Calculate the highest common factor of 606 and 59691.
303
Calculate the highest common divisor of 328 and 56.
8
Calculate the highest common factor of 580 and 15.
5
What is the highest common factor of 68 and 28492?
68
What is the greatest common divisor of 5439 and 1036?
259
What is the highest common divisor of 60 and 60?
60
Calculate the greatest common divisor of 64 and 2.
2
What is the greatest common factor of 1540 and 1980?
220
Calculate the highest common divisor of 40 and 1220.
20
Calculate the highest common divisor of 18 and 300.
6
Calculate the highest common factor of 7 and 1.
1
What is the highest common divisor of 2840 and 120?
40
Calculate the highest common factor of 31862 and 178.
178
What is the highest common divisor of 632 and 237?
79
Calculate the greatest common divisor of 19664 and 48.
16
What is the highest common divisor of 10 and 415?
5
Calculate the highest common divisor of 37362 and 52.
26
What is the highest common factor of 55 and 649?
11
What is the greatest common factor of 56 and 308?
28
What is the highest common divisor of 429 and 78?
39
Calculate the greatest common divisor of 2448 and 88.
8
Calculate the greatest common divisor of 91 and 52.
13
Calculate the greatest common divisor of 30 and 165.
15
Calculate the highest common divisor of 1194 and 24.
6
What is the highest common divisor of 15 and 135?
15
Calculate the highest common factor of 44 and 3454.
22
What is the greatest common divisor of 625 and 1625?
125
What is the highest common factor of 256 and 1600?
64
What is the highest common divisor of 45 and 355?
5
What is the highest common factor of 14 and 728?
14
Calculate the highest common factor of 132 and 3102.
66
Calculate the greatest common divisor of 4 and 7132.
4
What is the greatest common factor of 1786 and 658?
94
Calculate the highest common divisor of 286 and 44.
22
What is the highest common divisor of 31 and 124?
31
What is the highest common factor of 390 and 65130?
390
What is the greatest common factor of 209 and 418?
209
What is the greatest common divisor of 4876 and 1908?
212
Calculate the highest common divisor of 66 and 2266.
22
Calculate the highest common factor of 192 and 54.
6
Calculate the greatest common factor of 6252 and 12.
12
Calculate the highest common factor of 528 and 432.
48
Calculate the greatest common divisor of 1495 and 13.
13
What is the greatest common factor of 64 and 240?
16
Calculate the greatest common divisor of 708 and 12.
12
What is the highest common divisor of 186 and 155?
31
What is the greatest common divisor of 8998 and 66?
22
Calculate the highest common divisor of 105 and 49.
7
Calculate the greatest common divisor of 18 and 63.
9
What is the highest common factor of 54 and 972?
54
What is the highest common divisor of 23 and 1219?
23
What is the greatest common factor of 696 and 261?
87
Calculate the highest common divisor of 170 and 646.
34
Calculate the highest common divisor of 345 and 135.
15
Calculate the greatest common factor of 139 and 1.
1
What is the greatest common factor of 108 and 81?
27
Calculate the greatest common divisor of 15 and 8145.
15
Calculate the highest common factor of 452 and 11978.
226
Calculate the greatest common divisor of 5200 and 832.
208
What is the highest common factor of 3185 and 65?
65
What is the highest common divisor of 70 and 30?
10
What is the greatest common divisor of 68 and 1156?
68
What is the greatest common divisor of 96 and 84?
12
Calculate the greatest common divisor of 34 and 13957.
17
Calculate the greatest common divisor of 1281 and 793.
61
Calculate the highest common divisor of 78 and 1339.
13
What is the highest common divisor of 396 and 108?
36
Calculate the greatest common factor of 88 and 3208.
8
Calculate the greatest common factor of 312 and 24.
24
Calculate the greatest common divisor of 16 and 1264.
16
Calculate the highest common divisor of 952 and 1288.
56
Calculate the highest common factor of 1521 and 1170.
117
What is the highest common divisor of 315 and 60?
15
What is the greatest common factor of 7 and 623?
7
Calculate the greatest common factor of 32 and 128.
32
What is the highest common factor of 34 and 272?
34
What is the greatest common factor of 7464 and 24?
24
What is the highest common factor of 1066 and 410?
82
What is the highest common factor of 136 and 8296?
136
Calculate the greatest common factor of 144288 and 36.
36
Calculate the highest common divisor of 640 and 736.
32
What is the greatest common divisor of 72463 and 311?
311
Calculate the highest common divisor of 221 and 234.
13
Calculate the greatest common factor of 3297 and 21.
21
Calculate the highest common factor of 9 and 3.
3
What is the highest common divisor of 22 and 275?
11
Calculate the highest common factor of 64 and 304.
16
Calculate the highest common divisor of 232 and 29.
29
What is the highest common divisor of 286 and 11?
11
What is the greatest common factor of 182 and 77?
7
What is the highest common factor of 668 and 20?
4
Calculate the greatest common divisor of 133 and 76.
19
What is the greatest common divisor of 6 and 226?
2
Calculate the highest common factor of 416 and 533.
13
Calculate the greatest common factor of 11886 and 42.
42
Calculate the greatest common factor of 12863 and 19.
19
What is the greatest common factor of 20100 and 900?
300
What is the highest common 